he prime factors of 982?
2, 491
What are the prime factors of 100017?
3, 11113
List the prime factors of 2350.
2, 5, 47
What are the prime factors of 44477?
79, 563
List the prime factors of 443.
443
What are the prime factors of 24389?
29
What are the prime factors of 31066?
2, 7, 317
What are the prime factors of 44292?
2, 3, 3691
List the prime factors of 1576.
2, 197
What are the prime factors of 81822?
2, 3, 13, 1049
What are the prime factors of 39096?
2, 3, 181
What are the prime factors of 9383?
11, 853
What are the prime factors of 12189?
3, 17, 239
List the prime factors of 2463.
3, 821
List the prime factors of 1045.
5, 11, 19
What are the prime factors of 9100?
2, 5, 7, 13
What are the prime factors of 115379?
11, 17, 617
List the prime factors of 6240.
2, 3, 5, 13
What are the prime factors of 4829?
11, 439
List the prime factors of 1668.
2, 3, 139
List the prime factors of 1201.
1201
List the prime factors of 65.
5, 13
List the prime factors of 224.
2, 7
List the prime factors of 23141.
73, 317
What are the prime factors of 34519?
34519
What are the prime factors of 926?
2, 463
What are the prime factors of 266?
2, 7, 19
What are the prime factors of 889?
7, 127
What are the prime factors of 17818?
2, 59, 151
List the prime factors of 497.
7, 71
List the prime factors of 13263.
3, 4421
List the prime factors of 6095.
5, 23, 53
What are the prime factors of 5874?
2, 3, 11, 89
What are the prime factors of 1779?
3, 593
List the prime factors of 1473.
3, 491
What are the prime factors of 1070?
2, 5, 107
What are the prime factors of 94?
2, 47
List the prime factors of 845.
5, 13
What are the prime factors of 19967?
41, 487
What are the prime factors of 22020?
2, 3, 5, 367
What are the prime factors of 2007?
3, 223
List the prime factors of 963.
3, 107
What are the prime factors of 18906?
2, 3, 23, 137
List the prime factors of 6782.
2, 3391
List the prime factors of 51904.
2, 811
What are the prime factors of 449?
449
What are the prime factors of 25614?
2, 3, 1423
List the prime factors of 9442.
2, 4721
What are the prime factors of 48779?
48779
List the prime factors of 2166.
2, 3, 19
What are the prime factors of 1135?
5, 227
List the prime factors of 17996.
2, 11, 409
What are the prime factors of 2394?
2, 3, 7, 19
List the prime factors of 1682.
2, 29
What are the prime factors of 57518?
2, 28759
List the prime factors of 20463.
3, 19, 359
What are the prime factors of 76?
2, 19
What are the prime factors of 16471?
7, 13, 181
What are the prime factors of 30999?
3, 10333
What are the prime factors of 2262?
2, 3, 13, 29
What are the prime factors of 44953?
44953
List the prime factors of 2274.
2, 3, 379
List the prime factors of 107931.
3, 35977
List the prime factors of 7357.
7, 1051
List the prime factors of 20601.
3, 7, 109
List the prime factors of 1035.
3, 5, 23
What are the prime factors of 122107?
23, 5309
List the prime factors of 1777.
1777
What are the prime factors of 32164?
2, 11, 17, 43
What are the prime factors of 1021?
1021
What are the prime factors of 1608?
2, 3, 67
List the prime factors of 44471.
7, 6353
List the prime factors of 1129.
1129
List the prime factors of 598.
2, 13, 23
What are the prime factors of 1045?
5, 11, 19
What are the prime factors of 2329?
17, 137
List the prime factors of 187.
11, 17
What are the prime factors of 4397?
4397
What are the prime factors of 759?
3, 11, 23
List the prime factors of 33887.
7, 47, 103
List the prime factors of 52153.
52153
What are the prime factors of 7084?
2, 7, 11, 23
List the prime factors of 11348.
2, 2837
List the prime factors of 44815.
5, 8963
What are the prime factors of 3896?
2, 487
What are the prime factors of 4023?
3, 149
List the prime factors of 960.
2, 3, 5
List the prime factors of 49519.
23, 2153
List the prime factors of 134116.
2, 33529
List the prime factors of 6510.
2, 3, 5, 7, 31
What are the prime factors of 3318?
2, 3, 7, 79
List the prime factors of 6397.
6397
List the prime factors of 6654.
2, 3, 1109
What are the prime factors of 1164?
2, 3, 97
List the prime factors of 33065.
5, 17, 389
List the prime factors of 13098.
2, 3, 37, 59
What are the prime factors of 454?
2, 227
What are the prime factors of 20104?
2, 7, 359
What are the prime factors of 34941?
3, 19, 613
List the prime factors of 18435.
3, 5, 1229
What are the prime factors of 2242?
2, 19, 59
What are the prime factors of 2205?
3, 5, 7
List the prime factors of 3441.
3, 31, 37
List the prime factors of 26366.
2, 13183
List the prime factors of 3313.
3313
List the prime factors of 12171.
3, 4057
List the prime factors of 141581.
11, 61, 211
What are the prime factors of 1309?
7, 11, 17
List the prime factors of 44743.
101, 443
List the prime factors of 778.
2, 389
What are the prime factors of 9391?
9391
What are the prime factors of 77074?
2, 89, 433
What are the prime factors of 149276?
2, 67, 557
What are the prime factors of 1775?
5, 71
What are the prime factors of 897?
3, 13, 23
What are the prime factors of 103200?
2, 3, 5, 43
List the prime factors of 1182.
2, 3, 197
What are the prime factors of 30288?
2, 3, 631
What are the prime factors of 48304?
2, 3019
List the prime factors of 69496.
2, 7, 17, 73
What are the prime factors of 1790?
2, 5, 179
List the prime factors of 1892.
2, 11, 43
What are the prime factors of 47535?
3, 5, 3169
What are the prime factors of 14759?
14759
What are the prime factors of 412?
2, 103
What are the prime factors of 2109?
3, 19, 37
What are the prime factors of 761?
761
What are the prime factors of 117434?
2, 71, 827
What are the prime factors of 563?
563
List the prime factors of 15120.
2, 3, 5, 7
List the prime factors of 1792.
2, 7
List the prime factors of 67313.
83, 811
List the prime factors of 7419.
3, 2473
List the prime factors of 110713.
19, 5827
List the prime factors of 4232.
2, 23
What are the prime factors of 9610?
2, 5, 31
What are the prime factors of 90504?
2, 3, 419
List the prime factors of 11143.
11, 1013
What are the prime factors of 87?
3, 29
What are the prime factors of 11511?
3, 1279
What are the prime factors of 306?
2, 3, 17
List the prime factors of 1252.
2, 313
What are the prime factors of 6601?
7, 23, 41
What are the prime factors of 1431?
3, 53
What are the prime factors of 1908?
2, 3, 53
List the prime factors of 21075.
3, 5, 281
What are the prime factors of 22446?
2, 3, 29, 43
List the prime factors of 933.
3, 311
List the prime factors of 3966.
2, 3, 661
What are the prime factors of 2159?
17, 127
What are the prime factors of 235?
5, 47
What are the prime factors of 3559?
3559
List the prime factors of 232.
2, 29
What are the prime factors of 10851?
3, 3617
List the prime factors of 3328.
2, 13
List the prime factors of 21081.
3, 7027
List the prime factors of 10996.
2, 2749
List the prime factors of 29647.
23, 1289
List the prime factors of 3287.
19, 173
List the prime factors of 162.
2, 3
What are the prime factors of 1202?
2, 601
What are the prime factors of 3078?
2, 3, 19
List the prime factors of 130335.
3, 5, 8689
What are the prime factors of 330?
2, 3, 5, 11
List the prime factors of 60482.
2, 30241
List the prime factors of 8146.
2, 4073
List the prime factors of 1633.
23, 71
List the prime factors of 967.
967
What are the prime factors of 2205?
3, 5, 7
What are the prime factors of 1043?
7, 149
List the prime factors of 654.
2, 3, 109
List the prime factors of 20823.
3, 11, 631
List the prime factors of 6385.
5, 1277
What are the prime factors of 401?
401
List the prime factors of 3708.
2, 3, 103
What are the prime factors of 5178?
2, 3, 863
What are the prime factors of 8493?
3, 19, 149
List the prime factors of 238.
2, 7, 17
What are the prime factors of 29737?
131, 227
List the prime factors of 4116.
2, 3, 7
List the prime factors of 17948.
2, 7, 641
What are the prime factors of 971?
971
What are the prime factors of 79398?
2, 3, 11, 401
List the prime factors of 55740.
2, 3, 5, 929
List the prime factors of 3054.
2, 3, 509
List the prime factors of 356.
2, 89
List the prime factors of 4000.
2, 5
What are the prime factors of 2846?
2, 1423
List the prime factors of 5120.
2, 5
List the prime factors of 18519.
3, 6173
What are the prime factors of 8897?
7, 31, 41
List the pr